{"id":47,"date":"2024-09-16T14:23:02","date_gmt":"2024-09-16T12:23:02","guid":{"rendered":"http:\/\/wordpress.p677516.webspaceconfig.de\/?page_id=47"},"modified":"2024-10-24T11:37:50","modified_gmt":"2024-10-24T09:37:50","slug":"preise","status":"publish","type":"page","link":"https:\/\/www.vier-haareszeiten-langenbach.de\/index.php\/preise\/","title":{"rendered":"Preise"},"content":{"rendered":"<div  class='flex_column av-1p6tb-3d5b434ae5e72ecd5def74a0c4f4bab0 av_one_full  avia-builder-el-0  el_before_av_one_half  avia-builder-el-first  first flex_column_div  '     ><p>\n<style type=\"text\/css\" data-created_by=\"avia_inline_auto\" id=\"style-css-av-m14zm4lw-4be3c49f892e91f1510ec2f2f5585966\">\n#top .av-special-heading.av-m14zm4lw-4be3c49f892e91f1510ec2f2f5585966{\npadding-bottom:10px;\n}\nbody .av-special-heading.av-m14zm4lw-4be3c49f892e91f1510ec2f2f5585966 .av-special-heading-tag .heading-char{\nfont-size:25px;\n}\n.av-special-heading.av-m14zm4lw-4be3c49f892e91f1510ec2f2f5585966 .av-subheading{\nfont-size:15px;\n}\n<\/style>\n<div  class='av-special-heading av-m14zm4lw-4be3c49f892e91f1510ec2f2f5585966 av-special-heading-h3 blockquote modern-quote  avia-builder-el-1  el_before_av_textblock  avia-builder-el-first '><h3 class='av-special-heading-tag'  itemprop=\"headline\"  >Preise<\/h3><div class=\"special-heading-border\"><div class=\"special-heading-inner-border\"><\/div><\/div><\/div><br \/>\n<section  class='av_textblock_section av-m14zmah2-4068e9ac9dfbb4495eb0376c5e6286f3 '   itemscope=\"itemscope\" itemtype=\"https:\/\/schema.org\/CreativeWork\" ><div class='avia_textblock'  itemprop=\"text\" ><p>Ein guter Friseur steht und f\u00e4llt neben dem passenden Equipment auch mit den Produkten welche, er verwendet.<\/p>\n<p>Ich verwende nur Produkte an meinen Kunden, welche ich auch selber benutze. Ich lege bei Farben, Shampoo und Pflegeprodukten gro\u00dfen Wert auf Qualit\u00e4t, Hautvertr\u00e4glichkeit und Haltbarkeit. Meine Erfahrungswerte in der Vergangenheit haben gezeigt, dass die Marke Wella all diese Punkte erf\u00fcllt. Neben den oben genannten Punkten ist auch die riesige Auswahl an Farben, mit welchen sich s\u00e4mtliche Str\u00e4hnen- und F\u00e4rbetechniken umsetzen lassen, ausschlaggebend.<\/p>\n<\/div><\/section><\/p><\/div>\n<div  class='flex_column av-10777-e861a81875973cc8e45a33ef468c6645 av_one_half  avia-builder-el-3  el_after_av_one_full  el_before_av_one_half  first flex_column_div  column-top-margin'     ><section  class='av_textblock_section av-m14zxkim-bf182bcd94db1b44291f0dde5812769d '   itemscope=\"itemscope\" itemtype=\"https:\/\/schema.org\/CreativeWork\" ><div class='avia_textblock'  itemprop=\"text\" ><h2>Frauen<\/h2>\n<\/div><\/section><br \/>\n<section  class='av_textblock_section av-m14zyrgy-60071d70837f3a93c38093f7c5664a2b '   itemscope=\"itemscope\" itemtype=\"https:\/\/schema.org\/CreativeWork\" ><div class='avia_textblock'  itemprop=\"text\" ><h3>waschen, schneiden, f\u00f6hnen<\/h3>\n<\/div><\/section><br \/>\n<div  class='av-catalogue-container av-m14zyeu2-f99696bbd0fb31ef68928debbb98d14a  avia-builder-el-6  el_after_av_textblock  el_before_av_textblock '><ul class='av-catalogue-list'>\n<li><div class='av-catalogue-item av-m14zy42x-a2e535f03705a9d180c9dc289be0085d' ><div class=\"av-catalogue-item-inner\"><div class=\"av-catalogue-title-container\"><div class='av-catalogue-title'>kurz<\/div><div class='av-catalogue-price'>\u20ac 48,-<\/div><\/div><div class=\"av-catalogue-content\"><\/div><\/div><\/div><\/li>\n<li><div class='av-catalogue-item av-m14zy8m8-028b22e250cf5bb2bbdf2c95d2324750' ><div class=\"av-catalogue-item-inner\"><div class=\"av-catalogue-title-container\"><div class='av-catalogue-title'>mittel<\/div><div class='av-catalogue-price'>\u20ac 54,-<\/div><\/div><div class=\"av-catalogue-content\"><\/div><\/div><\/div><\/li>\n<li><div class='av-catalogue-item av-m14zyd4w-1be9db03eacb7bfef2f3825930b14f85' ><div class=\"av-catalogue-item-inner\"><div class=\"av-catalogue-title-container\"><div class='av-catalogue-title'>lang<\/div><div class='av-catalogue-price'>\u20ac 65,-<\/div><\/div><div class=\"av-catalogue-content\"><\/div><\/div><\/div><\/li>\n<li><div class='av-catalogue-item av-m2fqy18o-cc2512d2510f09e6ebada009589c0d00' ><div class=\"av-catalogue-item-inner\"><div class=\"av-catalogue-title-container\"><div class='av-catalogue-title'>\u00dcberl\u00e4nge<\/div><div class='av-catalogue-price'>\u20ac 10,-<\/div><\/div><div class=\"av-catalogue-content\">\nAufpreis<br \/>\n<\/div><\/div><\/div><\/li>\n<\/ul><\/div><br \/>\n<section  class='av_textblock_section av-m2fqzpw5-11b4151300ccc024083d63a8de9aa286 '   itemscope=\"itemscope\" itemtype=\"https:\/\/schema.org\/CreativeWork\" ><div class='avia_textblock'  itemprop=\"text\" ><h3>f\u00e4rben, t\u00f6nen, Balayage<\/h3>\n<\/div><\/section><br \/>\n<div  class='av-catalogue-container av-m2fr6idl-c54d699b2d9c6f085fea2197fa7d1800  avia-builder-el-8  el_after_av_textblock  avia-builder-el-last '><ul class='av-catalogue-list'>\n<li><div class='av-catalogue-item av-m2fr01en-efa03171ef21467983ff0bf3875cc556' ><div class=\"av-catalogue-item-inner\"><div class=\"av-catalogue-title-container\"><div class='av-catalogue-title'>Ansatz f\u00e4rben <\/div><div class='av-catalogue-price'>\u20ac 38,-<\/div><\/div><div class=\"av-catalogue-content\">\nab<br \/>\n<\/div><\/div><\/div><\/li>\n<li><div class='av-catalogue-item av-m2fr0h9e-21b18a083ea0de436c4a872cdcf605f8' ><div class=\"av-catalogue-item-inner\"><div class=\"av-catalogue-title-container\"><div class='av-catalogue-title'>T\u00f6nen <\/div><div class='av-catalogue-price'>\u20ac 38,-<\/div><\/div><div class=\"av-catalogue-content\">\nab<br \/>\n<\/div><\/div><\/div><\/li>\n<li><div class='av-catalogue-item av-m2fvyeqj-785e2b258dd42b91cc0195b167050b59' ><div class=\"av-catalogue-item-inner\"><div class=\"av-catalogue-title-container\"><div class='av-catalogue-title'>Str\u00e4hnen kurz<\/div><div class='av-catalogue-price'>\u20ac 48,-<\/div><\/div><div class=\"av-catalogue-content\">\nab<br \/>\n<\/div><\/div><\/div><\/li>\n<li><div class='av-catalogue-item av-m2fr1c2b-1fcd2c8c07c5a760cca7b3f007b7b9c4' ><div class=\"av-catalogue-item-inner\"><div class=\"av-catalogue-title-container\"><div class='av-catalogue-title'>Str\u00e4hnen mittel <\/div><div class='av-catalogue-price'>\u20ac 57,-<\/div><\/div><div class=\"av-catalogue-content\">\nab<br \/>\n<\/div><\/div><\/div><\/li>\n<li><div class='av-catalogue-item av-m2fr1rx0-94294a57fb01493c6b23509d4b0b5f6b' ><div class=\"av-catalogue-item-inner\"><div class=\"av-catalogue-title-container\"><div class='av-catalogue-title'>Str\u00e4hnen lang <\/div><div class='av-catalogue-price'>\u20ac 75,-<\/div><\/div><div class=\"av-catalogue-content\">\nab<br \/>\n<\/div><\/div><\/div><\/li>\n<li><div class='av-catalogue-item av-m2fr2djd-a03e09c2e4efb68ebc2e6359fd063e5e' ><div class=\"av-catalogue-item-inner\"><div class=\"av-catalogue-title-container\"><div class='av-catalogue-title'>Highlights <\/div><div class='av-catalogue-price'>\u20ac 25,-<\/div><\/div><div class=\"av-catalogue-content\">\nab<br \/>\n<\/div><\/div><\/div><\/li>\n<li><div class='av-catalogue-item av-m2fr2y1d-f0a48c37986fb30583b01d3157be9c85' ><div class=\"av-catalogue-item-inner\"><div class=\"av-catalogue-title-container\"><div class='av-catalogue-title'>Silk Lift<\/div><div class='av-catalogue-price'>\u20ac 8,-<\/div><\/div><div class=\"av-catalogue-content\">\nAufpreis<br \/>\n<\/div><\/div><\/div><\/li>\n<li><div class='av-catalogue-item av-m2fr3jrw-f3a843211b26c48b70bea3ca69b2d2d2' ><div class=\"av-catalogue-item-inner\"><div class=\"av-catalogue-title-container\"><div class='av-catalogue-title'>einfache Balayage <\/div><div class='av-catalogue-price'>\u20ac 195,-<\/div><\/div><div class=\"av-catalogue-content\">\nkurz<br \/>\n<\/div><\/div><\/div><\/li>\n<li><div class='av-catalogue-item av-m2fr4doi-42369a07190911f1957e5dbe60ef2e3d' ><div class=\"av-catalogue-item-inner\"><div class=\"av-catalogue-title-container\"><div class='av-catalogue-title'>einfache Balayage <\/div><div class='av-catalogue-price'>\u20ac 220,-<\/div><\/div><div class=\"av-catalogue-content\">\nmittel<br \/>\n<\/div><\/div><\/div><\/li>\n<li><div class='av-catalogue-item av-m2fr595h-8e777ecd0c366a05d2386e06aca51d36' ><div class=\"av-catalogue-item-inner\"><div class=\"av-catalogue-title-container\"><div class='av-catalogue-title'>einfache Balayage <\/div><div class='av-catalogue-price'>\u20ac 250,-<\/div><\/div><div class=\"av-catalogue-content\">\nlang<br \/>\n<\/div><\/div><\/div><\/li>\n<li><div class='av-catalogue-item av-m2n3vu91-2314f6e68f46ae94e4d942f0ee1a1856' ><div class=\"av-catalogue-item-inner\"><div class=\"av-catalogue-title-container\"><div class='av-catalogue-title'>Deutliche Balayage<\/div><div class='av-catalogue-price'>\u20ac 250<\/div><\/div><div class=\"av-catalogue-content\">\nkurz<br \/>\n<\/div><\/div><\/div><\/li>\n<li><div class='av-catalogue-item av-m2n3wb2c-9619ce2289b1df04ac8028bf8db2afe1' ><div class=\"av-catalogue-item-inner\"><div class=\"av-catalogue-title-container\"><div class='av-catalogue-title'>Deutliche Balayage<\/div><div class='av-catalogue-price'>\u20ac 270<\/div><\/div><div class=\"av-catalogue-content\">\nmittel<br \/>\n<\/div><\/div><\/div><\/li>\n<li><div class='av-catalogue-item av-m2n3wp1q-11a0e3c2daf6d4e53c8ed807705ff1d0' ><div class=\"av-catalogue-item-inner\"><div class=\"av-catalogue-title-container\"><div class='av-catalogue-title'>Deutliche Balayage<\/div><div class='av-catalogue-price'>\u20ac 290<\/div><\/div><div class=\"av-catalogue-content\">\nlang<br \/>\n<\/div><\/div><\/div><\/li>\n<li><div class='av-catalogue-item av-m2n3xoxh-32d4c06bcd79e414b5c3b7acb4dcab1e' ><div class=\"av-catalogue-item-inner\"><div class=\"av-catalogue-title-container\"><div class='av-catalogue-title'>Blond Balayage<\/div><div class='av-catalogue-price'>\u20ac 290<\/div><\/div><div class=\"av-catalogue-content\">\nkurz<br \/>\n<\/div><\/div><\/div><\/li>\n<li><div class='av-catalogue-item av-m2n3z9qw-88dc67b3bbef1d8f9b7bbaeacc154d23' ><div class=\"av-catalogue-item-inner\"><div class=\"av-catalogue-title-container\"><div class='av-catalogue-title'>Blond Balayage<\/div><div class='av-catalogue-price'>\u20ac 310<\/div><\/div><div class=\"av-catalogue-content\">\nmittel<br \/>\n<\/div><\/div><\/div><\/li>\n<li><div class='av-catalogue-item av-m2n3zqan-29aaed8bdb84348c78cd9b9f88788fcb' ><div class=\"av-catalogue-item-inner\"><div class=\"av-catalogue-title-container\"><div class='av-catalogue-title'>Blond Balayage<\/div><div class='av-catalogue-price'>\u20ac 330<\/div><\/div><div class=\"av-catalogue-content\">\nlang<br \/>\n<\/div><\/div><\/div><\/li>\n<li><div class='av-catalogue-item av-m2fr5nn3-538a11accd76464d741b1751ff7b9e63' ><div class=\"av-catalogue-item-inner\"><div class=\"av-catalogue-title-container\"><div class='av-catalogue-title'>Glossing <\/div><div class='av-catalogue-price'>\u20ac 30,-<\/div><\/div><div class=\"av-catalogue-content\">\nsb<br \/>\n<\/div><\/div><\/div><\/li>\n<li><div class='av-catalogue-item av-m2fr5vw1-a6c7abb95e2173a6cfc5efcdd8a0b9bb' ><div class=\"av-catalogue-item-inner\"><div class=\"av-catalogue-title-container\"><div class='av-catalogue-title'>Conditioner<\/div><div class='av-catalogue-price'>\u20ac 5,-<\/div><\/div><div class=\"av-catalogue-content\"><\/div><\/div><\/div><\/li>\n<li><div class='av-catalogue-item av-m2fr6hkn-9eba777c04974cbbb3418186742bd07e' ><div class=\"av-catalogue-item-inner\"><div class=\"av-catalogue-title-container\"><div class='av-catalogue-title'>Kur<\/div><div class='av-catalogue-price'>\u20ac 10,-<\/div><\/div><div class=\"av-catalogue-content\"><\/div><\/div><\/div><\/li>\n<\/ul><\/div><\/p><\/div><div  class='flex_column av-2xz7-5f6cf7029229685fdf9e92df80ff1126 av_one_half  avia-builder-el-9  el_after_av_one_half  el_before_av_one_half  flex_column_div  column-top-margin'     ><section  class='av_textblock_section av-m2fr9v47-5d2efaae6e8e2ced0dbb6b9c18f6a7b9 '   itemscope=\"itemscope\" itemtype=\"https:\/\/schema.org\/CreativeWork\" ><div class='avia_textblock'  itemprop=\"text\" ><h2>M\u00e4nner<\/h2>\n<\/div><\/section><br \/>\n<section  class='av_textblock_section av-m2fra5sr-34ba32b8c80d83124d1b6a0586bd5043 '   itemscope=\"itemscope\" itemtype=\"https:\/\/schema.org\/CreativeWork\" ><div class='avia_textblock'  itemprop=\"text\" ><h3>waschen, schneiden, stylen<\/h3>\n<\/div><\/section><br \/>\n<div  class='av-catalogue-container av-m2frcwvy-7c56ec25a3970ba70da421e3e7693df5  avia-builder-el-12  el_after_av_textblock  el_before_av_textblock '><ul class='av-catalogue-list'>\n<li><div class='av-catalogue-item av-m2frb0ln-20ab1bb226872b850443a48e1f9e232d' ><div class=\"av-catalogue-item-inner\"><div class=\"av-catalogue-title-container\"><div class='av-catalogue-title'>Waschen, schneiden, stylen<\/div><div class='av-catalogue-price'>\u20ac 33,-<\/div><\/div><div class=\"av-catalogue-content\"><\/div><\/div><\/div><\/li>\n<li><div class='av-catalogue-item av-m2frbaur-3cdd54c645968dbf866647aa040745db' ><div class=\"av-catalogue-item-inner\"><div class=\"av-catalogue-title-container\"><div class='av-catalogue-title'>Maschinenhaarschnitt<\/div><div class='av-catalogue-price'>\u20ac 17,-<\/div><\/div><div class=\"av-catalogue-content\"><\/div><\/div><\/div><\/li>\n<li><div class='av-catalogue-item av-m2frbo3p-cb6078446752fc7a7967ebc6b5de4136' ><div class=\"av-catalogue-item-inner\"><div class=\"av-catalogue-title-container\"><div class='av-catalogue-title'>T\u00f6nen<\/div><div class='av-catalogue-price'>\u20ac 22,-<\/div><\/div><div class=\"av-catalogue-content\">\nab<br \/>\n<\/div><\/div><\/div><\/li>\n<li><div class='av-catalogue-item av-m2frc0l9-bb5954a1b7e7bd061b71fce70dbbe3b9' ><div class=\"av-catalogue-item-inner\"><div class=\"av-catalogue-title-container\"><div class='av-catalogue-title'>Str\u00e4hnen Kamm<\/div><div class='av-catalogue-price'>\u20ac 30,-<\/div><\/div><div class=\"av-catalogue-content\"><\/div><\/div><\/div><\/li>\n<\/ul><\/div><br \/>\n<section  class='av_textblock_section av-m2frdcjo-24e052f449a893eef0b843c82eadff63 '   itemscope=\"itemscope\" itemtype=\"https:\/\/schema.org\/CreativeWork\" ><div class='avia_textblock'  itemprop=\"text\" ><h2>Kinder<\/h2>\n<\/div><\/section><br \/>\n<div  class='av-catalogue-container av-m2frfxm5-5e5ce5a18169c6c889e3efb691dcc066  avia-builder-el-14  el_after_av_textblock  avia-builder-el-last '><ul class='av-catalogue-list'>\n<li><div class='av-catalogue-item av-m2frdxs4-46bef8cad6594d74347f0936c6535e51' ><div class=\"av-catalogue-item-inner\"><div class=\"av-catalogue-title-container\"><div class='av-catalogue-title'>0 - 5 Jahre<\/div><div class='av-catalogue-price'>\u20ac 19,-<\/div><\/div><div class=\"av-catalogue-content\"><\/div><\/div><\/div><\/li>\n<li><div class='av-catalogue-item av-m2frecef-f50a26083ef6d1eec3c8a50f0ef78be7' ><div class=\"av-catalogue-item-inner\"><div class=\"av-catalogue-title-container\"><div class='av-catalogue-title'>6 - 12 Jahre<\/div><div class='av-catalogue-price'>\u20ac 22,-<\/div><\/div><div class=\"av-catalogue-content\"><\/div><\/div><\/div><\/li>\n<li><div class='av-catalogue-item av-m2frepto-ceadcf38af3d7ca28dca6d4802666a2f' ><div class=\"av-catalogue-item-inner\"><div class=\"av-catalogue-title-container\"><div class='av-catalogue-title'>12 - 16 Jahre<\/div><div class='av-catalogue-price'>\u20ac 24,-<\/div><\/div><div class=\"av-catalogue-content\"><\/div><\/div><\/div><\/li>\n<li><div class='av-catalogue-item av-m2frf3p1-800927c1db6ac39e8698c395b86449dc' ><div class=\"av-catalogue-item-inner\"><div class=\"av-catalogue-title-container\"><div class='av-catalogue-title'>mit waschen<\/div><div class='av-catalogue-price'>\u20ac 5,-<\/div><\/div><div class=\"av-catalogue-content\">\nAufpreis<br \/>\n<\/div><\/div><\/div><\/li>\n<li><div class='av-catalogue-item av-m2frfhel-517b6710ba0a75c11d10a25fc39903a8' ><div class=\"av-catalogue-item-inner\"><div class=\"av-catalogue-title-container\"><div class='av-catalogue-title'>M\u00e4dels mit waschen und f\u00f6hnen<\/div><div class='av-catalogue-price'>\u20ac 35,-<\/div><\/div><div class=\"av-catalogue-content\">\nbis 16 Jahre<br \/>\n<\/div><\/div><\/div><\/li>\n<\/ul><\/div><\/p><\/div><\/p>\n<div  class='flex_column av-hlof-ad56e5b37ebdfa6a0ce87566dc91cfa0 av_one_half  avia-builder-el-15  el_after_av_one_half  el_before_av_one_half  first flex_column_div  column-top-margin'     ><section  class='av_textblock_section av-m2frgv4p-016ad75e78150fb9827386f03745388e '   itemscope=\"itemscope\" itemtype=\"https:\/\/schema.org\/CreativeWork\" ><div class='avia_textblock'  itemprop=\"text\" ><h2>Styling<\/h2>\n<\/div><\/section><br \/>\n<div  class='av-catalogue-container av-m2frkm44-50be7976e2efc83bc39990115da4ebc6  avia-builder-el-17  el_after_av_textblock  avia-builder-el-last '><ul class='av-catalogue-list'>\n<li><div class='av-catalogue-item av-m2frhd24-15ef440407db30552b9491757ec1587c' ><div class=\"av-catalogue-item-inner\"><div class=\"av-catalogue-title-container\"><div class='av-catalogue-title'>Dauerwelle<\/div><div class='av-catalogue-price'>\u20ac 50,-<\/div><\/div><div class=\"av-catalogue-content\">\nab<br \/>\n<\/div><\/div><\/div><\/li>\n<li><div class='av-catalogue-item av-m2frho6k-e00776b539e9305c5770c6f78d0fe5a5' ><div class=\"av-catalogue-item-inner\"><div class=\"av-catalogue-title-container\"><div class='av-catalogue-title'>Stecken<\/div><div class='av-catalogue-price'>\u20ac 50,-<\/div><\/div><div class=\"av-catalogue-content\">\nab<br \/>\n<\/div><\/div><\/div><\/li>\n<li><div class='av-catalogue-item av-m2fril77-96a307474253348c7e2874e38e8f619a' ><div class=\"av-catalogue-item-inner\"><div class=\"av-catalogue-title-container\"><div class='av-catalogue-title'>Hochzeit stecken<\/div><div class='av-catalogue-price'>\u20ac 299,-<\/div><\/div><div class=\"av-catalogue-content\">\nmit Probe ab<br \/>\n<\/div><\/div><\/div><\/li>\n<li><div class='av-catalogue-item av-m2frj7rf-dbbe77dfa8e4e7b67dad8bc5a639783b' ><div class=\"av-catalogue-item-inner\"><div class=\"av-catalogue-title-container\"><div class='av-catalogue-title'>Hochzeit stecken und schminken<\/div><div class='av-catalogue-price'>\u20ac 320,-<\/div><\/div><div class=\"av-catalogue-content\">\nmit Probe ab<br \/>\n<\/div><\/div><\/div><\/li>\n<li><div class='av-catalogue-item av-m2frjmq4-dc56438394b4b8b7b0d4456faff1f04e' ><div class=\"av-catalogue-item-inner\"><div class=\"av-catalogue-title-container\"><div class='av-catalogue-title'>Schminken<\/div><div class='av-catalogue-price'>\u20ac 35,-<\/div><\/div><div class=\"av-catalogue-content\">\nab<br \/>\n<\/div><\/div><\/div><\/li>\n<li><div class='av-catalogue-item av-m2frk2hm-26ce38ade0a5b2c79a74c3c295183679' ><div class=\"av-catalogue-item-inner\"><div class=\"av-catalogue-title-container\"><div class='av-catalogue-title'>Augenbrauen f\u00e4rben<\/div><div class='av-catalogue-price'>\u20ac 5,-<\/div><\/div><div class=\"av-catalogue-content\"><\/div><\/div><\/div><\/li>\n<li><div class='av-catalogue-item av-m2frkgx7-5fb6900ac827e85b1258e926f4670bab' ><div class=\"av-catalogue-item-inner\"><div class=\"av-catalogue-title-container\"><div class='av-catalogue-title'>Wimpern f\u00e4rben<\/div><div class='av-catalogue-price'>\u20ac 10,-<\/div><\/div><div class=\"av-catalogue-content\"><\/div><\/div><\/div><\/li>\n<\/ul><\/div><\/p><\/div>\n<div  class='flex_column av-1pi03-a82cbd26551ad1490f3c3bd45ba802be av_one_half  avia-builder-el-18  el_after_av_one_half  el_before_av_one_half  flex_column_div  column-top-margin'     ><p>\n<style type=\"text\/css\" data-created_by=\"avia_inline_auto\" id=\"style-css-av-m2fw0nv2-c153822168d8cd354d58340afddd3804\">\n.avia-image-container.av-m2fw0nv2-c153822168d8cd354d58340afddd3804 img.avia_image{\nbox-shadow:none;\n}\n.avia-image-container.av-m2fw0nv2-c153822168d8cd354d58340afddd3804 .av-image-caption-overlay-center{\ncolor:#ffffff;\n}\n<\/style>\n<div  class='avia-image-container av-m2fw0nv2-c153822168d8cd354d58340afddd3804 av-styling- avia-align-center  avia-builder-el-19  el_before_av_textblock  avia-builder-el-first '   itemprop=\"image\" itemscope=\"itemscope\" itemtype=\"https:\/\/schema.org\/ImageObject\" ><div class=\"avia-image-container-inner\"><div class=\"avia-image-overlay-wrap\"><img decoding=\"async\" class='wp-image-132 avia-img-lazy-loading-not-132 avia_image ' src=\"https:\/\/www.vier-haareszeiten-langenbach.de\/wp-content\/uploads\/2024\/10\/IMG_6288.PNG-1030x773.png\" alt='' title='IMG_6288.PNG'  height=\"773\" width=\"1030\"  itemprop=\"thumbnailUrl\" srcset=\"https:\/\/www.vier-haareszeiten-langenbach.de\/wp-content\/uploads\/2024\/10\/IMG_6288.PNG-1030x773.png 1030w, https:\/\/www.vier-haareszeiten-langenbach.de\/wp-content\/uploads\/2024\/10\/IMG_6288.PNG-300x225.png 300w, https:\/\/www.vier-haareszeiten-langenbach.de\/wp-content\/uploads\/2024\/10\/IMG_6288.PNG-768x576.png 768w, https:\/\/www.vier-haareszeiten-langenbach.de\/wp-content\/uploads\/2024\/10\/IMG_6288.PNG-705x529.png 705w, https:\/\/www.vier-haareszeiten-langenbach.de\/wp-content\/uploads\/2024\/10\/IMG_6288.PNG.png 1050w\" sizes=\"(max-width: 1030px) 100vw, 1030px\" \/><\/div><\/div><\/div><br \/>\n<section  class='av_textblock_section av-m2fw0zrg-e9708159d3482a61e0801d6c633a3934 '   itemscope=\"itemscope\" itemtype=\"https:\/\/schema.org\/CreativeWork\" ><div class='avia_textblock'  itemprop=\"text\" ><p style=\"text-align: center;\">Hier ein Beispiel damit man sich orientieren kann,<br \/>\nwelche L\u00e4ngen , kurz, mittel, lang und \u00fcberlang sind.<\/p>\n<\/div><\/section><\/p><\/div>\n<div  class='flex_column av-15imv-6ff6599f92abcacf32064f72def0a3d3 av_one_half  avia-builder-el-21  el_after_av_one_half  avia-builder-el-last  first flex_column_div  column-top-margin'     ><\/div>\n","protected":false},"excerpt":{"rendered":"","protected":false},"author":1,"featured_media":0,"parent":0,"menu_order":0,"comment_status":"closed","ping_status":"closed","template":"","meta":{"footnotes":""},"class_list":["post-47","page","type-page","status-publish","hentry"],"_links":{"self":[{"href":"https:\/\/www.vier-haareszeiten-langenbach.de\/index.php\/wp-json\/wp\/v2\/pages\/47","targetHints":{"allow":["GET"]}}],"collection":[{"href":"https:\/\/www.vier-haareszeiten-langenbach.de\/index.php\/wp-json\/wp\/v2\/pages"}],"about":[{"href":"https:\/\/www.vier-haareszeiten-langenbach.de\/index.php\/wp-json\/wp\/v2\/types\/page"}],"author":[{"embeddable":true,"href":"https:\/\/www.vier-haareszeiten-langenbach.de\/index.php\/wp-json\/wp\/v2\/users\/1"}],"replies":[{"embeddable":true,"href":"https:\/\/www.vier-haareszeiten-langenbach.de\/index.php\/wp-json\/wp\/v2\/comments?post=47"}],"version-history":[{"count":20,"href":"https:\/\/www.vier-haareszeiten-langenbach.de\/index.php\/wp-json\/wp\/v2\/pages\/47\/revisions"}],"predecessor-version":[{"id":62,"href":"https:\/\/www.vier-haareszeiten-langenbach.de\/index.php\/wp-json\/wp\/v2\/pages\/47\/revisions\/62"}],"wp:attachment":[{"href":"https:\/\/www.vier-haareszeiten-langenbach.de\/index.php\/wp-json\/wp\/v2\/media?parent=47"}],"curies":[{"name":"wp","href":"https:\/\/api.w.org\/{rel}","templated":true}]}}